 Let c be a(-6). List the prime factors of -3*(n + c/(-9)).
11
Suppose 5*i - 697 = -2*t, -4*i + 53 - 1377 = -4*t. What are the prime factors of t?
2, 3, 7
Let o = -3 + -2. Let z = 1 - o. What are the prime factors of z?
2, 3
Let s(f) = 5*f**2 + f + 2. Let a be s(-2). Suppose -2*z + 4*x + a = -16, -3*x = 0. What are the prime factors of z?
2, 3
Suppose 4*p + 9 = 77. Suppose -26 = 2*k + g + g, -k - 2*g = p. What are the prime factors of k/(-4)*8/3?
2, 3
Let f = 167 - -62. List the prime factors of f.
229
Suppose 56 = 5*l + 2*v, 0*v - 2*v = -4*l + 34. Let w(u) = -u**2 + 7*u - 1. Let s be w(6). Suppose -s*n + 45 = -l. What are the prime factors of n?
11
Suppose -3 - 9 = -3*a + 3*h, -3*a - 28 = 5*h. Let j = a - 5. Let c(d) = d**3 + 6*d**2 - d + 2. List the prime factors of c(j).
2
Let t(w) = 7*w**2 + 10*w + 1. List the prime factors of t(-4).
73
Let d = 0 + 3. Let g be 9/d + 39 + 2. Suppose g = 3*h + h. List the prime factors of h.
11
Let g(f) = 5*f + 5. Suppose 2*k = d + 14, 0*k - 5*k = -2*d - 33. List the prime factors of g(k).
2, 3, 5
Let m = 1 + 1. Suppose -5*f = 4*k + k - 10, m*k = -10. What are the prime factors of -5 + 2 + 2 + f?
2, 3
Let t(k) = -2*k**2 + 3*k. Let n be t(3). List the prime factors of 4/((-3)/(1*n)).
2, 3
What are the prime factors of 4/16*4 + 25?
2, 13
What are the prime factors of 0 + 3 + (0 + 1)*97?
2, 5
What are the prime factors of ((-2)/(-3))/((-8)/(-372))?
31
Let g = 1 - -4. Suppose -x + 17 = 2*v + 3*v, 2*x - 19 = -g*v. Suppose m = 5*p - 7, -2*p = v*m - 2*m - 7. What are the prime factors of p?
2
Let b(g) = g**2 - 7*g - 16. What are the prime factors of b(-7)?
2, 41
Suppose 3*r + 0*j - 22 = 4*j, 3*j = -3*r - 6. Let b be 1 - 1 - -5*r. Suppose -4*i + z = -39, -2*z - b = 3*i - 53. List the prime factors of i.
11
Suppose -5*u + 4*a = -4, -u + 2*a = -4*u + 20. Suppose 6*o = 2*o. Suppose -4*f = 3*k - 13 - 17, -u*f - 4*k + 28 = o. What are the prime factors of f?
3
Suppose -4*q + 17 = 5. Suppose q*z - 245 = -2*z. What are the prime factors of z?
7
Let k(o) = 4 + 3 - 1 - 3*o + 4*o. Let y be k(-6). Suppose 2*f - 6*f + 8 = y. List the prime factors of f.
2
Suppose -4*f + 119 + 25 = 0. List the prime factors of f.
2, 3
Let k(f) = -4*f - 3. Let h be (5 + -4)*(-4)/2. Let s be k(h). Let u = 0 + s. List the prime factors of u.
5
Let j = 6 + -4. Suppose 2*y - 223 = -j*y + f, -5*f = 3*y - 150. Suppose -2*g + 2*s + 10 = -4, -5*g + y = -s. What are the prime factors of g?
2, 3
Suppose o = 26 + 5. What are the prime factors of o?
31
Let c(j) = j**3 - 12*j**2 + 15. List the prime factors of c(12).
3, 5
Let n = -10 + 18. Let l = 11 - n. What are the prime factors of l*30/(-27)*-3?
2, 5
Suppose -2*f = -5*r - 4*f + 22, 4*f = -5*r + 24. Suppose 31 = -r*v + a - 21, 3*a + 48 = -5*v. List the prime factors of (-3)/v + (-35)/(-4).
3
Let f = 29 + 2. List the prime factors of f.
31
Let y(k) be the second derivative of -k**4/12 - k**3/6 + k**2 - 2*k. List the prime factors of y(0).
2
Let o be -2*3/(-6)*1. Let q = o - -45. List the prime factors of q.
2, 23
Let x = 96 + -206. List the prime factors of (2/4)/((-5)/x).
11
Let m(r) = -r**3 + 9*r**2 - 8*r + 5. Let b be m(8). Suppose -b*t + 56 = -4*s + 2, 4*t - 2*s = 48. Let c = t + -2. List the prime factors of c.
2, 3
Let o = 16 - 14. Suppose -33 = -t - o. List the prime factors of t.
31
Let r be (-6)/10*(-2 - 3). Suppose r*s - 4*g - 95 + 0 = 0, 0 = -3*s - 4*g + 79. What are the prime factors of s?
29
Suppose -10 - 1 = -z - 4*y, 4*y = -5*z + 103. List the prime factors of z.
23
Suppose 0 = -9*g + 17*g - 632. List the prime factors of g.
79
What are the prime factors of (226/4)/(((-5)/(-1))/10)?
113
Let y(p) = p**2 - 6*p + 6. Let l be y(5). Suppose 2*d - d = -l. Let q = 2 - d. What are the prime factors of q?
3
Suppose -140 = 9*l - 16*l. What are the prime factors of l?
2, 5
List the prime factors of 3982/33*9/6.
181
Suppose -n + 53 = -0*n + 3*s, s + 99 = 2*n. What are the prime factors of n?
2, 5
Let y be 0 - ((-4)/(-2) - 75). Let k = y - 48. List the prime factors of k.
5
Let s(k) = 1 + 15*k**2 - 2*k + 0 - 4*k + 8*k. List the prime factors of s(-1).
2, 7
Suppose 0 = c + c - 4*v - 46, v = c - 22. Suppose -3*b + c = -90. List the prime factors of b.
37
Let m = -26 - -111. List the prime factors of m.
5, 17
Suppose -3*l + 14 = -7. Let f(s) be the third derivative of -s**5/60 + 3*s**4/8 - 2*s**3/3 - 9*s**2. What are the prime factors of f(l)?
2, 5
Suppose t - 5 = -0*t. Let n(u) = -2*u**2 - u**2 + 2*u**2 + 7*u - 4. What are the prime factors of n(t)?
2, 3
Let n(o) = -o**3 - 6*o**2 + 9*o - 4. Let i be n(-7). Let g = 8 + i. Let x = g - -15. List the prime factors of x.
5
Let k be 2*7*9/6. Let d = -7 + k. Suppose -j + d = b, -4*b + 3*j = 8*j - 59. List the prime factors of b.
11
Suppose 3*h = 5*m - h - 141, 3*h = -12. Let q = 49 - m. Suppose 0 = 3*f - 4*f - 3*y + q, -28 = -2*f - 2*y. List the prime factors of f.
3
Let m(h) = h**3 - 9*h**2 - 8*h - 11. Let x = -11 + 21. List the prime factors of m(x).
3
Let v = 1 - -1. Let i be v*2/(-1 + -1). List the prime factors of -6*(i - 8/(-6)).
2
Let h(y) = -2*y**2 + 7*y - 7. Let a be h(7). What are the prime factors of (a/6)/((-1)/3)?
2, 7
Suppose -7*q + 2*q + 1355 = 0. What are the prime factors of q?
271
Suppose 0 = -k - 0*k. Let z be (2 - 2)/(1 - k). Suppose 0 = 4*s + 8, 0 = -2*x - z*x + s + 14. List the prime factors of x.
2, 3
Suppose -5*j - 12 = -32. List the prime factors of (2/j - -2)*2.
5
Suppose 5*z = 6 + 9. Suppose 2*r - 105 = -z*r. Suppose -l = -4*l + r. List the prime factors of l.
7
Suppose 2*f + 3*g - 111 = 36, -4*f = 2*g - 282. What are the prime factors of f?
3, 23
Let r be 3*(14/6 + 0). Suppose -12*f + 90 = -r*f. List the prime factors of f.
2, 3
Let z = -89 - -252. List the prime factors of z.
163
Let z be (6/(-4))/(1/(-10)). Let k be 10/z*(-9)/2. Let r(y) = y**2 + 2*y + 4. What are the prime factors of r(k)?
7
Let h(d) = -4*d + 1. Let y(c) = -8*c + 2. Let p(f) = 5*h(f) - 3*y(f). Let n = 1 - -2. What are the prime factors of p(n)?
11
Suppose 0 = -3*j - 4*g - 10, 3 = -j - g + 1. Let m(v) = -6*v**2 - 2*v. Let z be m(j). Let x = z - -41. List the prime factors of x.
13
Suppose -5*o + 5*q = -1420, q + q + 10 = 0. What are the prime factors of o?
3, 31
Let i = 1 - 2. Let k be 2 + i - 3 - -2. Suppose -3*o + k*o = -36. List the prime factors of o.
2, 3
Let a be 3/(-6) + (-11)/2. Let t(u) = -6*u - 5. Let k(d) = d**3 + 7*d + 6. Let q(x) = a*k(x) - 7*t(x). What are the prime factors of q(-1)?
5
Let u(b) = b**2 + 3*b + 2. Let v be u(-2). Suppose -m - 3*m + 20 = v. List the prime factors of m.
5
Suppose 3*z - 4*z + 19 = 3*a, -5*a = -3*z - 27. What are the prime factors of a?
2, 3
Suppose t + 3*t - 36 = 0. Let h = t + -4. List the prime factors of h.
5
Suppose -2*d + g + 19 = -2*g, 4*g = d - 17. Let i = d + 2. List the prime factors of i.
7
Let j = -8 - -102. List the prime factors of j.
2, 47
Let o(v) = v**3 + 9*v**2 - 27*v - 15. What are the prime factors of o(-11)?
2, 5
Let l = -7 + 14. Let a(b) = 2*b + 5*b - b**3 - 2*b**2 + l*b**2 + 6. List the prime factors of a(6).
2, 3
Let u(d) = -3*d - 2. Let n = 0 - -3. Suppose -3*t - n*j + 6 = 0, t - 3*j + 11 = -7. List the prime factors of u(t).
7
List the prime factors of -1*3*(-2 + (-130)/3).
2, 17
Let y(x) = -14*x**2 - 5*x + 14. Let r(v) = 5*v**2 + 2*v - 5. Let s(j) = -8*r(j) - 3*y(j). List the prime factors of s(2).
2
List the prime factors of (-12)/3 - (-322 - (5 - 3)).
2, 5
Suppose 3*a - 306 + 93 = 0. Let y = -38 + a. List the prime factors of y.
3, 11
Let f(l) = 3*l**2 - 2*l - 2. What are the prime factors of f(4)?
2, 19
What are the prime factors of (1030/(-25))/((-2)/5)?
103
Let u(y) = -14*y**3 + 18*y**2 + 9*y - 8. Let b(a) = -5*a**3 + 6*a**2 + 3*a - 3. Let p(z) = -17*b(z) + 6*u(z). What are the prime factors of p(-5)?
13
Let n be -3 + (0 - -1) + 5. Suppose z - n + 0 = 0. Suppose 2*j = 4, 9 = 5*a + j - z. List the prime factors of a.
2
Suppose -7 = -a + 3*q, -68 = -4*a + 4*q - 16. Suppose 2*p - a - 16 = 0. List the prime factors of p.
2
Suppose -7 = -r + 3*s + 1, -r = 4*s + 6. Suppose 7 = c - d, c - 4*c - r*d + 46 = 0. List the prime factors of c.
2, 3
Let w = -114 + 303. List the prime factors of w.
3, 7
Suppose 3*k + 4*u - 2*u - 13 = 0, -2*k + 10 = u. Suppose 0 = -5*n - 3*q + 35, -2*q + k = n - 6*q. What a